 2*q**4. Let g be k(-2). What is the greatest common divisor of g and 24?
12
Let c(s) = 2*s**2 + s - 4. Let r be c(-3). Let m be 2/r - (-136)/(-22). Let k = 10 + m. What is the highest common divisor of 16 and k?
4
Let l = -295 + 449. What is the greatest common factor of 14 and l?
14
Let v = -21 + 27. What is the highest common divisor of v and 30?
6
Suppose 3*w = 5 - 2. What is the greatest common divisor of 9 and w?
1
Let f(z) = -7*z + 3. Let d be f(-3). Suppose u = 1, y + 51 = 5*y + 3*u. What is the greatest common divisor of y and d?
12
Let f(q) = q**2 + q + 2. Let s be f(3). Let v = -3 - -11. Let l be ((-42)/v)/((-18)/48). Calculate the greatest common factor of l and s.
14
Let y = 71 + -68. What is the greatest common divisor of 3 and y?
3
Let t = -43 - -83. Calculate the greatest common factor of t and 5.
5
Let o(f) = f + 7. Let m be o(-5). Let i be 0 + 102 + 6/m. Let k(n) = -n**3 + 7*n**2 - 2*n + 2. Let h be k(5). What is the greatest common factor of i and h?
21
Let h be (4*6/4)/2. Let v(q) = -q**3 + 4*q**2 - 3*q + 1. Let n be v(h). Let u be n*9*(-6)/(-9). Calculate the highest common factor of 3 and u.
3
Suppose 0*p + 4*p = 4*m + 92, 67 = -3*m + 2*p. Let k = 35 + m. Suppose 5*w = -5*y + 173 - 8, 3*y = 2*w - 76. What is the highest common factor of w and k?
7
Let t(z) = z**3 + 18. Let b be t(0). Suppose -o + 0*o = -18. Calculate the highest common factor of b and o.
18
Suppose 2*l = 4*t - 0*l - 420, 519 = 5*t - 4*l. Suppose -5*j + t = 7. What is the greatest common divisor of j and 180?
20
Let r(t) = 17*t - 8. Let a(m) = 69*m - 33. Let k(f) = -2*a(f) + 9*r(f). Let x be k(7). Let n = 217 - 208. What is the highest common divisor of n and x?
9
Let a be ((-189)/15)/((-32)/10 - -3). Calculate the highest common divisor of a and 9.
9
Let y = 11 + -17. Let q be (-21)/(-7)*(-32)/y. Calculate the greatest common divisor of q and 32.
16
Let k be (1 - -5) + 137 + -44. Calculate the greatest common factor of 66 and k.
33
Suppose 3*b = b - 8. Let d be b/10 + (-497)/(-5). Suppose -2*g = g - t - 99, 3*g = -t + d. What is the highest common factor of g and 11?
11
Suppose 0 = -2*c - 193 + 543. Let w = 12 + 13. Calculate the highest common divisor of w and c.
25
Let p = -6 + 6. Suppose -2*m + p*m + 60 = 0. Let a(k) = k**2 - 4*k + 6. Let w be a(4). What is the highest common divisor of w and m?
6
Let t be (-69)/(-5) + (-2)/(-10). Calculate the greatest common factor of t and 14.
14
Suppose g - 13 = 23. What is the greatest common factor of 9 and g?
9
Suppose o + 30 = 5*g, 0 = -o - 3*o. Let v = 15 - 5. Let d be 2/6 + v/g. What is the greatest common factor of d and 2?
2
Let a = -47 + 81. Suppose 4*i + a = -14. Let o(r) = -r**3 - 13*r**2 - 13*r + 6. Let b be o(i). What is the highest common factor of 9 and b?
9
Let x = 32 - 24. What is the highest common divisor of x and 16?
8
Let t(w) = -w - 5. Let v be t(-7). Let p be -2*(v + 10/(-4)). Let j(r) = 8*r. Let u be j(p). What is the greatest common factor of 40 and u?
8
Let w(b) = -69*b. Let u be w(-3). Calculate the greatest common factor of u and 23.
23
Let m be (4 - (176/(-12))/(-4))*42. Calculate the greatest common factor of m and 4.
2
Suppose a - 7 + 28 = 0. Let q = 21 - a. What is the greatest common factor of q and 7?
7
Let h be 0*(-1 - (-9)/6). Suppose -3*g = -h*g - 15. Suppose 2*i + 71 = 4*t + g*i, 3*i - 29 = -t. Calculate the greatest common factor of 154 and t.
14
Let a(h) = 26*h - 36. Let n be a(2). Let k be (-97)/(-4) + (-1)/4. What is the highest common factor of n and k?
8
Let s(b) = 9*b - 8. Let l be s(7). Suppose -5*y = -0*y - l. What is the greatest common factor of y and 55?
11
Let s(w) = w**2 + 13*w + 36. Let g be s(-11). What is the highest common divisor of g and 49?
7
Let w(d) = 22*d - 6. Let i be w(7). Suppose 2*g + 27 = -5*z + 124, 3*g + 5*z = i. Let t = -31 + g. What is the highest common divisor of 10 and t?
10
Suppose 4*u - 3*u = 0. Suppose u*k = -k + 91. Calculate the greatest common divisor of k and 13.
13
Suppose 3*o = -o. Suppose 0 = -o*t - 2*t + 80. What is the highest common divisor of 8 and t?
8
Let f = 5 - 5. Let s be 2 + (-27)/(-3 - f). Suppose 3*v = -4*y + 165, -5*y + 165 = v + 2*v. What is the highest common factor of s and v?
11
Suppose r = 4*r + 3*p + 3, r - 19 = 4*p. Let i(b) = b**2 - b. Let v be 13/4 - (-2)/(-8). Let s be i(v). What is the greatest common divisor of r and s?
3
Let v be (-6)/(-21) + (-366)/(-42). Calculate the greatest common factor of 9 and v.
9
Let f(l) = -l**3 + l**2 - l - 8. Let k be f(0). Let d = 118 - k. What is the greatest common divisor of d and 14?
14
Let b(x) = -2*x + 10. Let v be b(7). Let m be (-3)/2*v/3. Let s(f) = f**2 - 5*f + 1. Let h be s(5). What is the greatest common divisor of m and h?
1
Suppose n + 32 = 2*n + 2*d, n - 40 = 2*d. Suppose 0 = f - 4 - 49. Suppose 8 - f = -5*t. Calculate the greatest common factor of n and t.
9
Let j(p) = -p**2 - 10*p + 14. Let n = 11 - 6. Suppose h + 23 = -2*h - 5*i, -4*h + n*i - 54 = 0. Let a be j(h). What is the highest common divisor of a and 1?
1
Let a = 153 - 9. What is the greatest common factor of 16 and a?
16
Let u(l) = 8*l. Let n be u(2). Let o = 9 + n. What is the greatest common factor of o and 50?
25
Suppose -4*c = o - 8 - 1, 4*o + 12 = 0. Suppose 10 = c*s + 2*s. Let w be (4/8)/(s/56). What is the highest common factor of 112 and w?
14
Suppose -a + 4*a = -f + 9, -5*f + 4*a + 7 = 0. Suppose f*b - 4*b + 5*i = -25, -15 = b + 5*i. What is the greatest common factor of b and 45?
5
Let u be (-189)/(-36)*32/6. Calculate the highest common divisor of u and 70.
14
Suppose -78 = -4*w - 2*p, 8*w - 2*p = 3*w + 75. What is the highest common divisor of w and 119?
17
Let l = -6 + 16. Let v = -42 - -67. What is the highest common divisor of v and l?
5
Suppose -j + 12*j = 550. What is the greatest common divisor of j and 20?
10
Suppose 0 = 5*z + 4*v - 8, 1 = 5*z + 2*v - 13. Suppose -r = z*r - 455. What is the highest common factor of 13 and r?
13
Suppose -5*q - 28 = -q. Let n be (1/q - -1)*7. Calculate the highest common factor of n and 2.
2
Let t(r) = 27*r**3 - r**2 + 2*r - 1. Let q be t(1). What is the greatest common divisor of q and 9?
9
Let p = 75 - 117. Let d be (p/(-35))/(2/20). What is the highest common factor of 12 and d?
12
Let y(j) = 3*j**2 - j - 1. Let t = -4 + 3. Let l be y(t). Let g(n) = n**3 + 6*n**2 - n + 6. Let p be g(-6). Calculate the greatest common divisor of l and p.
3
Let s be (-310)/(-18) + 4/(-18). Let c = -4 - -8. Suppose -w + 32 = -3*z - 0*z, c*z = 3*w - 71. What is the greatest common factor of s and w?
17
Suppose -3*m + 22 = -2*m. Let q be (-5 + 3)*(-1)/2. Let o = q + 43. What is the highest common factor of o and m?
22
Let u(r) = r**3 + 7*r**2 - 11*r - 12. Let o be u(-8). Suppose 5*j - 2*x - 124 = x, 0 = -4*x - o. Calculate the highest common factor of 23 and j.
23
Suppose -2*u = -6*u + 5*l - 17, -2*l + 8 = -u. Let t be 238/(-6) - u/6. Let j be (20/(-16))/(2/t). What is the greatest common factor of j and 10?
5
Let j(a) = -a**2 + 8*a - 4. Let t be j(6). Calculate the highest common factor of t and 8.
8
Let p(o) = -33*o - 1. Let w be p(-1). Let m be (-4)/(1 - 2)*(-10 - -14). Calculate the highest common divisor of m and w.
16
Let u(l) = 3*l**2 + 2*l + 7. Let i be u(-5). Calculate the greatest common divisor of 24 and i.
24
Let w(p) = 40*p - 2. Let u be w(2). Suppose 0 = -4*h + u - 14. Suppose 0 = -0*y - 2*y + h. Calculate the greatest common divisor of y and 88.
8
Suppose 11*d = 49 + 28. What is the greatest common divisor of d and 28?
7
Let z be (4/12)/((-1)/(-3)). Let m(j) = -j**2. Let n be m(-1). Let p be n/((-1 - 0)/7). What is the highest common divisor of p and z?
1
Let h be (-226)/(-3) - (-6)/(-18). Suppose -95 = -4*s + 25. What is the highest common factor of h and s?
15
Let x(t) = t**2 + 10*t + 8. Let v be x(-10). Calculate the greatest common factor of 12 and v.
4
Let j = 33 - 9. What is the greatest common factor of j and 6?
6
Let u(p) = p**3 - p. Let c be (4 - 6)*6/(-4). Let b be u(c). Calculate the greatest common factor of b and 8.
8
Let a be 4*6/(-32)*-12. Calculate the highest common factor of 36 and a.
9
Let i be (-3 + 7)*(-2)/(-4). Suppose -4*u - 3*h = -81, -2*u + 5*h - 7 + 28 = 0. Calculate the greatest common divisor of i and u.
2
Suppose -17 = -